583/4 - 12/u.
2, 73
Let f = -285 - -599. What are the prime factors of f?
2, 157
Suppose 5*q + 15 = 0, -2*z + z + 5*q = -558. Suppose 2*v + 2*w = -2*w + 228, w - z = -5*v. Suppose a + v = 4*a. List the prime factors of a.
2, 3
Suppose 7*k - 3*k = -5*r - 170, -3*r = k + 95. Let x = 55 + r. Suppose d + x = 6*d. List the prime factors of d.
5
Suppose 3*d + 369 = -3*x, 2*d + 650 = -3*d + 2*x. Let b = -91 - d. Let p = -10 + b. List the prime factors of p.
3
Suppose 4*y = -1292 + 9028. What are the prime factors of y?
2, 967
Suppose -2*v = 41 - 47. Suppose 3*g + 341 = 5*j, j - v*g + 329 = 6*j. List the prime factors of j.
67
Suppose 0 = 2*x + 3*x. Suppose 75 + 20 = 5*o. Let p = x + o. List the prime factors of p.
19
Let y(g) = -11*g + 11. Suppose -2*f = 12 - 0. List the prime factors of y(f).
7, 11
List the prime factors of (-20016)/(-26) + 24/156.
2, 5, 7, 11
Let x be (39/(-2))/((-12)/16). Suppose -262 + x = -4*n. What are the prime factors of n?
59
Let q = -67 - -324. Let w = q - 89. What are the prime factors of w?
2, 3, 7
Suppose 2*o + 8 = 3*o. Let x(w) = -13*w**3 + w**2 - 1. Let v be x(1). Let j = o - v. What are the prime factors of j?
3, 7
Let y(g) = -5*g - 89. Let b(x) = -x - 21. Let f(i) = -18*b(i) + 4*y(i). Let l = 6 - 15. What are the prime factors of f(l)?
2, 5
Suppose -10*s + 2104 = -12406. What are the prime factors of s?
1451
Let j be 7 - ((-3)/(-1) + -1). Suppose 0*n - j*n + 105 = 0. List the prime factors of n.
3, 7
What are the prime factors of 1/(20/2490)*22?
3, 11, 83
Let y(n) = n - 36. Let d be y(0). Let i = 52 + d. Suppose 6 + i = 2*v. What are the prime factors of v?
11
List the prime factors of -2 + 623 + -6 + 6.
3, 23
What are the prime factors of 12/2 + 542 + 6?
2, 277
Let v = 35 - 36. What are the prime factors of (-3)/(-5) + v - (-16368)/120?
2, 17
Let t = 710 + 964. What are the prime factors of t?
2, 3, 31
Suppose 4*t = 5*g + 181, -3*g + 15 = 2*t - 48. Let m = t + 52. What are the prime factors of m?
7, 13
Suppose m + 365 = 614. List the prime factors of m.
3, 83
Let k(p) = -p**3 - 6*p**2 + 6*p - 4. Let o be k(-7). Suppose 2*r - 270 = -o*r. What are the prime factors of r?
2, 3
What are the prime factors of (-68)/(-20) - 4/10 - -1169?
2, 293
Let y(h) = -h**2 + 7 + 10*h + 2*h**2 - 1 + 7. Let n be y(-9). Suppose -5*g + 20 = n*a, 2*g = a + 7 + 14. What are the prime factors of g?
2
Let s(p) be the second derivative of p**4/2 - 2*p**3/3 - 2*p**2 - p + 2. What are the prime factors of s(-7)?
2, 3, 53
Let f(y) = y**3 + 19*y**2 - 4*y + 54. What are the prime factors of f(-17)?
2, 5, 7
Suppose 3*q - 22 = q. Let h(i) = i**3 - 10*i**2 - 8*i - 4. List the prime factors of h(q).
29
What are the prime factors of ((-49)/7)/7 + 1289?
2, 7, 23
Suppose -17*s + 22*s = 4*f + 109, 2*f + 117 = 5*s. Suppose -16*h + s*h - 1440 = 0. List the prime factors of h.
2, 5
Let g(o) = -o**2 - o + 6. Let y be g(-3). Suppose 3*s - 577 + 61 = y. List the prime factors of s.
2, 43
Suppose 2 + 6 = 2*j. Suppose 0 = j*k + s - 411, 5*k - 5*s - 498 = -s. What are the prime factors of k?
2, 3, 17
What are the prime factors of -12*6/(-12) - -130?
2, 17
Suppose -x = 2*o - 194 - 4, -o = -x - 93. What are the prime factors of o?
97
Let o = -150 + 933. List the prime factors of o.
3, 29
Suppose 8*u = 3*u - a + 115, 0 = -a + 5. Suppose 7*i - 9*i + u = 0. What are the prime factors of i?
11
Suppose 4*o = -0*o - 84. Let a = -12 - o. Suppose r = -c + 56, a*c + 2*r = 4*c + 271. What are the prime factors of c?
53
Let k(m) = 11*m**2 + 37. What are the prime factors of k(5)?
2, 3, 13
Let w(f) = -f**2 - 20*f - 10. Let v be w(-13). Let r = -4 + 8. Suppose -u - v = -r*u. List the prime factors of u.
3
Let b(t) = -2*t**2 - 27*t + 14. Let a = -78 - -68. What are the prime factors of b(a)?
2, 3, 7
Let w = -624 - -1279. What are the prime factors of w?
5, 131
Let r = 127 - 70. Suppose r*g - 52*g = 100. List the prime factors of g.
2, 5
Let w(r) = -r + 9. Let o be w(4). Suppose 0*j - 2*j - o*c = -12, -2*j - 4*c = -14. Suppose -280 = 3*n - j*n. What are the prime factors of n?
5, 7
Let n be ((-20)/(-4))/((-2)/98). List the prime factors of (n/(-15))/((-5)/(-15)).
7
List the prime factors of (-21630)/(-48) - 12/(-32).
11, 41
Let j(b) = 14*b**2 - b - 51. What are the prime factors of j(10)?
13, 103
Suppose -3*n + 1087 - 424 = 0. Suppose n = 4*x - 247. What are the prime factors of x?
3, 13
Let p = 16 - 161. Let u = 271 + p. List the prime factors of u.
2, 3, 7
Suppose 0 = 6*l - l - 650. Let w(g) = g**2 + 2*g - 2. Let t be w(-4). Suppose -c + t*c = 5*i + l, 2*c = 4*i + 52. List the prime factors of c.
2, 13
Let f(c) = 3*c + 9. Let v be f(-7). What are the prime factors of v/(-30) + (-146)/(-10)?
3, 5
List the prime factors of 2*257 - 2 - (-20 - -22).
2, 3, 5, 17
Let g(z) = 19*z + 6658. List the prime factors of g(0).
2, 3329
Let y(w) = 92*w + 2. Suppose -21*r + 20*r = -2. List the prime factors of y(r).
2, 3, 31
Let l(q) = -q**3 - 2*q**2 - 3*q - 3. Let u be l(-3). Let f be -1*u/(1 - 4). What are the prime factors of (f/2)/(1/2)?
5
Let p(u) = -u**3 + 15*u**2 - 16*u + 31. Let j be p(14). Suppose -j*f - 165 = -2*y, 3*y + 3*f + 73 = 298. List the prime factors of y.
2, 3, 13
What are the prime factors of (-2)/(-6) + 0 + (-6297)/(-9)?
2, 5, 7
Let q(l) = 1 - 3 - 14*l + 26*l. List the prime factors of q(6).
2, 5, 7
Let s(u) = 369*u - 258. What are the prime factors of s(9)?
3, 1021
Suppose 0 = -6*u + 897 + 4287. List the prime factors of u.
2, 3
Suppose -15 = -10*z + 7*z. Suppose 8 = 2*y - k + 3*k, -5*k - z = 0. Suppose d + 12 = y*d. What are the prime factors of d?
3
Suppose 3*t - w = 2297, -2*t + 5*w = -281 - 1246. What are the prime factors of t?
2, 383
Suppose 5*f - i - 4807 = 0, 2*i - 3852 = -4*f + 6*i. What are the prime factors of f?
31
Let t = 309 + -413. Let x = 10 - 20. List the prime factors of (-12)/30 + t/x.
2, 5
Suppose 10*f - 5041 - 3489 = 0. What are the prime factors of f?
853
Let s be (-4 - 16) + (-1 - -2). Let z = s + 17. List the prime factors of (57/z)/(15/(-20)).
2, 19
Let o(h) = h**3 + 11*h**2 + 4*h - 3. Let q be o(-10). Let i = q - 25. Let u = i - 25. List the prime factors of u.
7
Let b = 25 - 22. Suppose b*i - 1 = 86. List the prime factors of i.
29
Let s = 289 + -184. Suppose g - s + 8 = 0. List the prime factors of g.
97
Let x(q) be the first derivative of -q**4/4 + 2*q**3 - 3*q**2/2 - 3*q - 6. Let n be x(5). Suppose n*l = 3*l + 252. What are the prime factors of l?
3, 7
Suppose 10 + 5 = -2*k - 5*u, -5*k - u = -20. Suppose 2*n + w = 199, 4*w + 517 = k*n - 0*w. List the prime factors of n.
101
Suppose 35*h = 33*h. Suppose h = -o - z + 69, -z - 16 = -5*o + 323. List the prime factors of o.
2, 17
Let g(k) = -37*k**3 - 2*k**2 + 2*k + 2. Let b be g(-2). Suppose -b = -4*u - 7*u. List the prime factors of u.
2, 13
Suppose 4*w = -4*m - 92, 2*m - 4*w = -0*w - 16. List the prime factors of (6/8)/(m/(-48)).
2
Let y = 36 + -20. List the prime factors of y.
2
Suppose 369 = 2*n - 43. List the prime factors of n.
2, 103
List the prime factors of (-6645)/(-40) + 3/(-24).
2, 83
Suppose -5*j = 3*k - 408, 3*k - 172 = -2*j + 4*k. What are the prime factors of j?
2, 3, 7
Let u(p) = 24*p**3 + 9*p**2 - 11*p + 26. What are the prime factors of u(4)?
2, 3, 277
Let f = 6 - 0. Let p be f/(-21) + (-1716)/(-28). Let c = -38 + p. What are the prime factors of c?
23
Let f(u) = 8*u**2 - 9*u + 3. Suppose 4*m + 3*m + 35 = 0. List the prime factors of f(m).
2, 31
Suppose -2*b - 4 = 5*s, -5*s + 0*b - 1 = 3*b. What are the prime factors of (-4)/(-12)*291 - s/(-2)?
2, 3
Let y = -65 - -68. Suppose 506 = 3*s - 4*l + y*l, 5*s + 2*l = 847. List the prime factors of s.
13
Let i be 2/(-1) + (-52)/(-13). Suppose i*u - 315 = -3*u. List the prime factors of u.
3, 7
Suppose 3*b + 5*p = 10545, -2*b + 8*p = 11*p - 7031. List the prime factors of b.
2, 5, 11
Suppose 5*c - 6*c + 33 = 0. Let f = 77 - c. Suppose -3*z = -z - f. List the prime factors of z.
2, 11
Let j(q) = -4*q + 28. Let x be j(10). List the prime factors of (15 + x)*(-52)/(-3).
2, 13
Suppose n = -4*n. Suppose 11*c - 4*c - 21 = n. List the prime factors of c.
3
Suppose r = -3*i - 2*i + 205, -i + 41 = -2*r. Let u = 99 - i. What are the prime factors of u?
2, 29
Suppose 0*y = 4*y + 3*q + 13, 0 = y - 2*q + 6. Suppose 4*p - 184 - 224 = 0. What are th